?
-2
What is the value of -1 - 0 - (-7 - (-3 + 1))?
4
What is the value of -8 - (-2 + -1 + (-3 - 0))?
-2
What is the value of 3 + -7 + -2 + 4 + -1?
-3
15 - (14 - -5) - (1 - 13)
8
Calculate 3 + (0 - ((-5 - 0) + 6)).
2
Evaluate 9 + -7 + -5 + 2.
-1
What is -8 - -1 - (8 - (4 - -7))?
-4
Calculate (5 + -2 - (5 + -3)) + 1.
2
What is (1 + -2 - (14 - 10)) + 2?
-3
Calculate (-4 - -4 - 5) + 12.
7
3 - (-3 + (4 - -1)) - -1
2
What is -5 - -1 - (-1 - 4)?
1
(0 - (6 + -5)) + 5
4
What is the value of 0 + (0 - (21 + -13))?
-8
What is the value of -8 + 6 - ((-1 - -2) + 2)?
-5
What is the value of -4 + (4 - 2) - 3?
-5
(9 - (25 + -11)) + -1
-6
What is -12 + 23 - 13 - -7?
5
Calculate 7 - ((-7 - -11) + 6).
-3
What is the value of 15 - (13 - (12 + -7))?
7
Evaluate -2 + -2 - (-5 - 4).
5
What is -4 + 1 - -1 - 1?
-3
Calculate -4 + 6 + -3 + 0.
-1
What is the value of 1 + -2 - (-1 + 4 + -7)?
3
Calculate 0 - (0 + 1) - (1 + -5).
3
Evaluate (-9 - -7) + 0 + 4.
2
14 - (-23 + 12 + 14)
11
-7 + (-3 - -7 - 3)
-6
(-1 - -3) + -7 + 7
2
-3 + 3 - -3 - (5 + -3)
1
Calculate (-1 - -5) + 2 + -2.
4
What is the value of 12 + -3 + (5 - 22)?
-8
Evaluate -1 - 1 - 1 - (3 + -5).
-1
Calculate 13 + (-10 - 4) + 1 + 0.
0
0 - (-4 + (0 - (-5 + 4)))
3
Calculate -1 + 0 - (44 - 40).
-5
Calculate 0 + -12 + (29 - 16).
1
2 - -1 - (20 - 19)
2
Evaluate 4 - -3 - 12 - -1.
-4
What is 3 + (-1 - (-4 + 4) - 3)?
-1
What is the value of -3 + 1 + 9 + -4 + -1?
2
What is (1 - 7) + (4 - -4)?
2
Calculate -1 - 0 - (28 + -25).
-4
-10 - -2 - 3 - -6
-5
What is the value of 0 - (3 - (1 - 2 - 0))?
-4
Calculate (6 - 0) + -63 + 54.
-3
-135 + 158 + (-12 - 1)
10
What is -8 + (2 + -10 + 3 - -4)?
-9
Evaluate (-44 - -36) + (0 - -4).
-4
What is the value of (-6 - 0) + (-1 - -18) + -19?
-8
Evaluate 3 - ((1 - -12) + -27 + 21).
-4
What is the value of 1 + (-3 - 1) + 7 - 8?
-4
Evaluate -3 + (4 + -5 - -1).
-3
Evaluate 1 + (0 - -2) + 2 + 0.
5
-2 - (-4 - (-1 - (7 + -4)))
-2
-3 - (2 + 3 + -14 + -3)
9
3 + -3 + 4 - (-4 - -5)
3
What is the value of 3 - ((-1 - (-1 - 4)) + -5)?
4
What is the value of 0 + 4 + (-5 - (-7 - -7))?
-1
Calculate 3 - (4 + -6 - -3).
2
What is the value of 6 - (7 + -1 - (2 + 1))?
3
Calculate (4 - 2) + 0 + 9 + -12.
-1
What is the value of 7 + (-2 - (2 - -10))?
-7
Evaluate 0 + (2 - (-6 + 4)).
4
-2 + 1 + (0 - (-4 - -6))
-3
What is (-18 - (20 - 39)) + 5 + 0?
6
Calculate -5 + 13 + -8 - 4.
-4
-10 + -7 + 10 + 12 + 2
7
Calculate -87 - -90 - (0 + 1 + -1).
3
Evaluate 14 + -11 - (-3 + (0 - -2)).
4
What is -5 - (-1 - 3 - -3)?
-4
Evaluate -1 - 3 - (-1 - 4).
1
Calculate -2 - (-7 + 4 + 1 + 1).
-1
What is the value of -2 - -1 - (5 - (0 - -6))?
0
-1 + 2 + 2 - 4
-1
Evaluate (0 - (3 + -4)) + -4 - 5.
-8
Evaluate -10 + -2 - (29 + -49).
8
Calculate -3 - -7 - (7 - 1).
-2
What is the value of -5 - (3 + -8 + 5 + -5)?
0
Evaluate (-5 - -1 - -10) + -10.
-4
Evaluate 0 + -2 + 1 + 2 + 2.
3
-2 + -6 + 7 + -9 + 1
-9
Calculate -1 - ((16 - 23) + (5 - 1)).
2
What is 3 + (7 - (-5 + 11))?
4
Calculate 8 - (-1 + (0 - -7)).
2
What is the value of -4 + 8 + -6 + 5?
3
What is the value of 8 + (-3 - (-4 + 4 + 0))?
5
Evaluate -19 + -6 + 12 - -11.
-2
Calculate 5 - 7 - -3 - -3.
4
What is 1 + 2 + 1 + -5 - -2?
1
What is the value of -5 - (4 + 0 + -12)?
3
What is (-19 - -21) + (0 - -4 - 11)?
-5
Evaluate 8 + 0 + 3 + -5.
6
What is the value of -5 - 1 - ((-2 - 0) + 1)?
-5
3 + 4 + (-10 - 3)
-6
(0 - -6) + -1 - (-4 - -6)
3
Calculate -6 - (6 + 3 + (-20 - 0)).
5
What is -12 + 12 - (-4 - -5)?
-1
-5 + 6 - (-2 + 5)
-2
Calculate (3 - (15 + -24)) + -22.
-10
Calculate 5 - (8 - 5 - (4 - 2)).
4
Calculate -3 - -3 - -4 - (-1 + 9).
-4
Evaluate (3 - (9 + -5)) + -1 - -3.
1
What is 1 + 0 + (2 - (5 + -6))?
4
7 - (-1 - -2 - -9)
-3
What is the value of (-1 - -3 - (10 - 7)) + -3?
-4
-4 - (11 + -12 - (2 + -3))
-4
Evaluate -2 - 0 - (-20 + 23).
-5
Evaluate 5 - (0 - -3) - (-3 - -3).
2
-4 + (0 - (-5 + 6 + 0))
-5
What is -2 + 4 - (-2 + 0)?
4
-7 + 0 + 4 - 0
-3
37 + -35 + -3 + 0 + 1
0
Calculate -6 - -1 - (-10 + 9).
-4
What is the value of 4 - -1 - (15 + (-7 - -2))?
-5
5 - ((4 - 4) + 1) - 4
0
Calculate -95 + 98 - (1 + 0 + 2).
0
(3 - 2) + (8 - 5)
4
Calculate (-9 - 2 - -3) + 4.
-4
Calculate -1 + 1 - ((-1 - 2) + 2).
1
Calculate -5 + 3 + 6 - (1 + -2).
5
What is the value of -13 + 5 + -1 - -4?
-5
What is (-5 - 4) + (-11 - -12)?
-8
-5 + (0 - (-1 - (0 + 1)))
-3
Evaluate 0 + 4 + -2 - -4.
6
What is 0 + (1 + 4 - (-3 + 4))?
4
-3 + (-8 - -18) + -3 + -10
-6
(-6 - 8) + -3 - -10
-7
Evaluate (-16 - -7) + (6 - (0 - -2)).
-5
-3 - 2 - -2 - (2 - 5)
0
5 + 1 + (-10 - -1)
-3
What is the value of -4 + -1 + (5 - 3)?
-3
What is -5 - (-2 - 0) - (3 - 3)?
-3
Evaluate 3 + -11 - -4 - (-1 - -2).
-5
What is the value of (0 - 8) + (-47 - -50)?
-5
Evaluate (-4 - (-1 + -3)) + 5.
5
What is 15 + -11 - (3 + (1 - -4))?
-4
13 + -11 + -1 + 4
5
What is (1 + 5 - (30 + -28)) + -6?
-2
Calculate -1 - (2 + -4 + 0).
1
Evaluate 6 + -11 + 6 + (-9 - -2).
-6
Calculate -5 + (-10 + 10 - -10).
5
What is 3 - (-3 + 9 + 0) - -6?
3
Calculate (1 - (2 + -6)) + -3.
2
1 - 2 - (34 + -41)
6
Calculate -3 - (5 - (9 + 1)).
2
12 - (0 + -6 + 15)
3
What is the value of 7 + 0 + -2 + -6?
-1
8 + -3 - (-2 + 5)
2
Calculate 8 + -3 - (5 - -1).
-1
(0 - -2) + -7 + 7
2
Evaluate 9 + -3 + -11 + 5.
0
What is -3 - (1 + 7) - -10?
-1
What is -18 - -4 - (1 + -22)?
7
What is the value of 2 - (-5 + 8) - (2 - -1)?
-4
Evaluate -8 + 2 - (11 - 13).
-4
Evaluate 3 - (3 + (-3 + 5 - -2)).
-4
What is 7 + 5 + -1 + -11?
0
What is (3 - -2) + 1 + (4 - 7)?
3
9 + (-4 - 1) + 1
5
What is the value of 2 + (3 + -5 + -6 - -2)?
-4
Evaluate (0 - -10) + -3 - 1.
6
Calculate -1 - 2 - (-26 - -23).
0
What is -1 + 7 + -6 + 5?
5
What is the value of -6 + 0 + -1 + 7 + -3?
-3
Evaluate -4 + -11 - -7 - 2.
-10
What is (4 - (2 - 0)) + -1 + 1?
2
10 + 6 + -14 + -4 + 1
-1
Calculate (1 - (0 + (-9 - -4))) + -6.
0
What is (1 - (-29 - -12)) + -9?
9
What is -4 - -4 - (-1 + -1)?
2
What is the value of 4 + 7 + 1 + -5 + -2?
5
What is -4 - (-6 + 5 + (-5 - 1))?
3
Calculate -5 + 4 - 3 - -4.
0
What is the value of 1 + 5 - (30 + -26)?
2
What is -147 - -141 - ((-1 - 0) + 6)?
-11
What is the value of -7 - (-13 - (0 + -3))?
3
-9 - (-13 + (-4 - -12))
-4
Calculate (-2 - (3 + -7)) + -1 + 5.
6
Evaluate -7 + (5 - 3) + 0 + 0.
-5
What is 4 - 11 - (-4 + 1 - 2)?
-2
(20 - 17) + (-10 - -10)
3
-1 - (4 - (-8 - -7))
-6
Evaluate 1 - 3 - (-3 - -1 - 8).
8
-7 + -6 + 11 - 6
-8
Calculate 8 - (22 + -8 + 2) - -4.
-4
Evaluate 0 - (4 - 5) - 3.
-2
What is the value of 1 - (2 - (-3 - -6)) - -2?
4
Evaluate (-7 - -2) + (7 - 3) + 6.
5
8 + 1 + -6 + (1 - -2)
6
Evaluate -3 - (2 + -15 - -7).
3
(-2 - -2) + (10 - 30 - -13)
-7
Calculate -2 - (0 + 3 - -1 - 1).
-5
Calculate -3 + (2 - (-12 + 5)).
6
What is 10 - (28 + -13 + 1)?
-6
-1 + 2 - (-32 - -31)
2
What is the value of 0 + (-3 - -7) + 0?
4
(5 + (-3 - -4) - 5) + 6
7
Calculate -2 + (3 - 4) - -6.
3
Evaluate (2 + 3 - -3) + -6.
2
7 - (-1 - (-3 - 5))
0
What is the value of -1 + 2 + -4 - (8 - 7)?
-4
Calculate 1 - 1 - -1 - (20 + -17).
-2
What is -54 + 52 - (-1 + 0 + 0)?
-1
What is 3 + (3 + -6 - 2) + 5?
3
What is -4 + (0 - 0) + -3 + 1?
-6
Evaluate -2 - (10 + -25) - 10.
3
What is -7 - (2 - (1 + 11))?
3
What is 3 - (-4 + 2 + 0 + -1)?
6
What is the value of 5 + -4 + (-3 - -2)?
0
What is the value of -3 + (2 - 5) + 5?
-1
Calculate -8 + 1 - (7 - (16 - 3)).
-1
What is 4 - (3 - (-2 + 1))?
0
Evaluate (5 - (-10 + 3)) + -4.
8
5 + (-5 - (8 - 6) - 1)
-3
Evaluate (7 - 0 - 7) + -3.
-3
What is the value of -1 - (2 - 4) - (5 - 12)?
8
(-1 - -5) + (-2 - -5)
7
What is the value of 10 - (2 - 0) - 8?
0
Evaluate 6 - (2 - (7 + -3 + -4)).
4
What is 2 + (-13 + 1 - (36 + -41))?
-5
Calculate -14 + (14 + -6 - -8).
2
Calculate -3 + (4 - -16 - 3) + -6.
8
What is the value of 0 - 1 - (-9 + (2 - -5))?
1
-3 + (6 - (-1 - -3)) + -2
-1
Evaluate 20 + (-2 - (-7 + 13)) + -8.
4
Evaluate (12 - 5) + (1 - 4).
4
What is 6 - (5 - (-4 + 3 + 4))?
4
What is the value of (3 - (7 + -3)) + 3 + -4?
-2
What is the value of 0 + 3 + -10 + 12 - 2?
3
Calculate -1 + -5 + 12 + -3.
3
What is the value of -2 - (1 - (-13 - -9))?
-7
Calculate -99 - -91 - (-8 + 0).
0
-6 + 3 - -7 - (-1 - -6)
-1
What is -1 + (-3 - (-1 - 5))?
2
-10 + 1 - (-4 - 0)
-5
What is the value of 0 + (6 - 3) - (-21 - -16)?
8
What is -5 - (-22 + 25 - (6 + -3))?
-5
(-1 - 0 - -4) + 4 + 0
7
Evaluate 3 - (0 + (-4 - -1)) - 4.
2
Evaluate (-8